en 1697 is divided by 563?
8
What is the remainder when 830 is divided by 23?
2
Calculate the remainder when 86 is divided by 30.
26
What is the remainder when 6076 is divided by 80?
76
What is the remainder when 398 is divided by 95?
18
Calculate the remainder when 187 is divided by 63.
61
What is the remainder when 73 is divided by 25?
23
What is the remainder when 170 is divided by 26?
14
Calculate the remainder when 603 is divided by 60.
3
Calculate the remainder when 1518 is divided by 30.
18
Calculate the remainder when 161 is divided by 25.
11
What is the remainder when 162 is divided by 86?
76
Calculate the remainder when 483 is divided by 45.
33
What is the remainder when 34400 is divided by 167?
165
What is the remainder when 72 is divided by 40?
32
Calculate the remainder when 6532 is divided by 2173.
13
Calculate the remainder when 544 is divided by 95.
69
Calculate the remainder when 634 is divided by 49.
46
Calculate the remainder when 29929 is divided by 73.
72
Calculate the remainder when 1138 is divided by 38.
36
What is the remainder when 52997 is divided by 106?
103
What is the remainder when 8219 is divided by 137?
136
Calculate the remainder when 149 is divided by 122.
27
What is the remainder when 5296 is divided by 31?
26
What is the remainder when 702 is divided by 119?
107
What is the remainder when 903 is divided by 295?
18
What is the remainder when 151 is divided by 32?
23
Calculate the remainder when 4983 is divided by 4968.
15
Calculate the remainder when 127 is divided by 24.
7
What is the remainder when 27 is divided by 2?
1
What is the remainder when 398 is divided by 8?
6
Calculate the remainder when 1779 is divided by 18.
15
Calculate the remainder when 740 is divided by 734.
6
What is the remainder when 21 is divided by 10?
1
What is the remainder when 524 is divided by 73?
13
What is the remainder when 10 is divided by 5?
0
What is the remainder when 4616 is divided by 28?
24
What is the remainder when 1901 is divided by 943?
15
What is the remainder when 165 is divided by 36?
21
Calculate the remainder when 59 is divided by 53.
6
Calculate the remainder when 3402 is divided by 849.
6
Calculate the remainder when 5169 is divided by 178.
7
Calculate the remainder when 1248 is divided by 138.
6
Calculate the remainder when 74 is divided by 9.
2
What is the remainder when 231 is divided by 8?
7
What is the remainder when 1232 is divided by 65?
62
Calculate the remainder when 465 is divided by 20.
5
What is the remainder when 37 is divided by 11?
4
Calculate the remainder when 743 is divided by 365.
13
What is the remainder when 3211 is divided by 531?
25
What is the remainder when 39 is divided by 7?
4
Calculate the remainder when 48 is divided by 2.
0
What is the remainder when 4052 is divided by 21?
20
What is the remainder when 13569 is divided by 29?
26
What is the remainder when 9166 is divided by 14?
10
What is the remainder when 221 is divided by 79?
63
Calculate the remainder when 2516 is divided by 194.
188
What is the remainder when 104 is divided by 21?
20
What is the remainder when 229 is divided by 33?
31
Calculate the remainder when 595 is divided by 147.
7
Calculate the remainder when 661 is divided by 95.
91
What is the remainder when 55 is divided by 15?
10
Calculate the remainder when 139 is divided by 48.
43
What is the remainder when 67 is divided by 27?
13
What is the remainder when 399 is divided by 47?
23
What is the remainder when 345 is divided by 32?
25
Calculate the remainder when 168 is divided by 86.
82
What is the remainder when 2023 is divided by 22?
21
Calculate the remainder when 732 is divided by 35.
32
What is the remainder when 587 is divided by 119?
111
What is the remainder when 2257 is divided by 742?
31
What is the remainder when 59 is divided by 8?
3
What is the remainder when 2183 is divided by 90?
23
Calculate the remainder when 47255 is divided by 44.
43
What is the remainder when 122 is divided by 59?
4
Calculate the remainder when 2194 is divided by 147.
136
Calculate the remainder when 967 is divided by 88.
87
Calculate the remainder when 1705 is divided by 41.
24
What is the remainder when 79 is divided by 45?
34
What is the remainder when 3323 is divided by 25?
23
Calculate the remainder when 199 is divided by 40.
39
What is the remainder when 1289 is divided by 48?
41
Calculate the remainder when 40 is divided by 5.
0
What is the remainder when 15512 is divided by 12?
8
What is the remainder when 331 is divided by 108?
7
What is the remainder when 188 is divided by 15?
8
What is the remainder when 3158 is divided by 109?
106
What is the remainder when 985 is divided by 17?
16
What is the remainder when 197 is divided by 11?
10
Calculate the remainder when 194 is divided by 14.
12
What is the remainder when 49 is divided by 16?
1
What is the remainder when 304 is divided by 82?
58
Calculate the remainder when 55 is divided by 8.
7
What is the remainder when 65 is divided by 24?
17
Calculate the remainder when 719 is divided by 71.
9
Calculate the remainder when 403 is divided by 44.
7
What is the remainder when 126 is divided by 77?
49
Calculate the remainder when 363 is divided by 126.
111
What is the remainder when 54 is divided by 33?
21
What is the remainder when 409 is divided by 53?
38
What is the remainder when 31 is divided by 6?
1
What is the remainder when 974 is divided by 6?
2
What is the remainder when 208 is divided by 19?
18
Calculate the remainder when 82 is divided by 32.
18
Calculate the remainder when 244 is divided by 231.
13
What is the remainder when 172 is divided by 64?
44
Calculate the remainder when 90 is divided by 47.
43
Calculate the remainder when 340 is divided by 12.
4
Calculate the remainder when 14997 is divided by 15.
12
Calculate the remainder when 92 is divided by 52.
40
Calculate the remainder when 1040 is divided by 256.
16
What is the remainder when 8770 is divided by 17?
15
What is the remainder when 537 is divided by 41?
4
Calculate the remainder when 268 is divided by 27.
25
Calculate the remainder when 1211 is divided by 21.
14
What is the remainder when 5239 is divided by 169?
0
What is the remainder when 612 is divided by 147?
24
What is the remainder when 48 is divided by 15?
3
Calculate the remainder when 53 is divided by 23.
7
Calculate the remainder when 175 is divided by 15.
10
What is the remainder when 313 is divided by 45?
43
Calculate the remainder when 591 is divided by 187.
30
What is the remainder when 394 is divided by 24?
10
What is the remainder when 197 is divided by 5?
2
What is the remainder when 136 is divided by 14?
10
Calculate the remainder when 4451 is divided by 53.
52
Calculate the remainder when 9869 is divided by 15.
14
Calculate the remainder when 56 is divided by 19.
18
What is the remainder when 244 is divided by 44?
24
What is the remainder when 281 is divided by 71?
68
Calculate the remainder when 705 is divided by 216.
57
Calculate the remainder when 548 is divided by 227.
94
What is the remainder when 1842 is divided by 459?
6
What is the remainder when 2807 is divided by 38?
33
What is the remainder when 3409 is divided by 9?
7
Calculate the remainder when 653 is divided by 37.
24
What is the remainder when 1856 is divided by 6?
2
What is the remainder when 42 is divided by 34?
8
What is the remainder when 1735 is divided by 190?
25
What is the remainder when 17806 is divided by 106?
104
What is the remainder when 167 is divided by 34?
31
What is the remainder when 172 is divided by 74?
24
What is the remainder when 14 is divided by 10?
4
Calculate the remainder when 4728 is divided by 11.
9
What is the remainder when 213 is divided by 55?
48
What is the remainder when 26 is divided by 7?
5
What is the remainder when 184 is divided by 76?
32
What is the remainder when 36 is divided by 6?
0
Calculate the remainder when 293 is divided by 27.
23
What is the remainder when 455 is divided by 65?
0
Calculate the remainder when 123 is divided by 9.
6
Calculate the remainder when 9743 is divided by 232.
231
Calculate the remainder when 8 is divided by 4.
0
What is the remainder when 13282 is divided by 123?
121
What is the remainder when 1270 is divided by 13?
9
Calculate the remainder